{"id":1012,"date":"2018-10-01T12:36:24","date_gmt":"2018-10-01T10:36:24","guid":{"rendered":"http:\/\/82.165.30.201:8080\/?page_id=1012"},"modified":"2018-10-08T23:58:39","modified_gmt":"2018-10-08T21:58:39","slug":"columna-divi-marci","status":"publish","type":"page","link":"https:\/\/www.paolorolli.it\/index.php\/columna-divi-marci\/","title":{"rendered":"Oggi &#8211; EDITORIA"},"content":{"rendered":"<p>[vc_row][vc_column][vc_column_text]<\/p>\n<h6>COLUMNA DIVI MARCI<\/h6>\n<p>Questa pubblicazione corona il lavoro di oltre 30 anni nel campo della documentazione grafica.<br \/>\nE&#8217; il doveroso omaggio ad una attivit\u00e0 tecnica che ha caratterizzato la seconda parte del secolo scorso e che oggi \u00e8 superata dai tempi e dalle tecnologie.<br \/>\nArtigiani del disegno arrampicati sui ponteggi non hanno pi\u00f9 senso di esistere&#8230;.purtroppo.<\/p>\n<p>Tanta competenza acquisita a contatto con monumenti straordinari sarebbe rimasta negli archivi se non avessimo sfidato i nostri tempi con una pubblicazione &#8220;artigianale&#8221; per fermare la memoria.[\/vc_column_text][\/vc_column][\/vc_row][vc_row][vc_column width=&#8221;1\/6&#8243; css=&#8221;.vc_custom_1537518813138{margin-top: 50px !important;}&#8221;][\/vc_column][vc_column width=&#8221;2\/3&#8243;][vc_raw_html]JTNDaWZyYW1lJTIwc3JjJTNEJTIyaHR0cCUzQSUyRiUyRnd3dy5hbW9kdXMuaXQlMkZwdWJibGljJTJGYW50b25pbmElMkZmaWxlcy1GTElQJTJGYXNzZXRzJTJGYmFzaWMtaHRtbCUyRmluZGV4Lmh0bWwlMjMxJTIyJTIwc3R5bGUlM0QlMjJ3aWR0aCUzQTEwMCUyNSUzQm1pbi1oZWlnaHQlM0ExMDAwcHglM0JtYXJnaW4lM0FhdXRvJTNCJTIyJTNFJTNDJTJGaWZyYW1lJTNF[\/vc_raw_html][\/vc_column][vc_column width=&#8221;1\/6&#8243;][\/vc_column][\/vc_row]<\/p>\n","protected":false},"excerpt":{"rendered":"<p>[vc_row][vc_column][vc_column_text] COLUMNA DIVI MARCI Questa pubblicazione corona il lavoro di oltre 30 anni nel campo della documentazione grafica. E&#8217; il doveroso omaggio ad una attivit\u00e0 tecnica che ha caratterizzato la seconda parte del secolo scorso e che oggi \u00e8 superata dai tempi e dalle tecnologie. Artigiani del disegno arrampicati sui ponteggi non hanno pi\u00f9 senso [&hellip;]<\/p>\n","protected":false},"author":1,"featured_media":0,"parent":0,"menu_order":0,"comment_status":"closed","ping_status":"closed","template":"template-default-dark.php","meta":[],"_links":{"self":[{"href":"https:\/\/www.paolorolli.it\/index.php\/wp-json\/wp\/v2\/pages\/1012"}],"collection":[{"href":"https:\/\/www.paolorolli.it\/index.php\/wp-json\/wp\/v2\/pages"}],"about":[{"href":"https:\/\/www.paolorolli.it\/index.php\/wp-json\/wp\/v2\/types\/page"}],"author":[{"embeddable":true,"href":"https:\/\/www.paolorolli.it\/index.php\/wp-json\/wp\/v2\/users\/1"}],"replies":[{"embeddable":true,"href":"https:\/\/www.paolorolli.it\/index.php\/wp-json\/wp\/v2\/comments?post=1012"}],"version-history":[{"count":15,"href":"https:\/\/www.paolorolli.it\/index.php\/wp-json\/wp\/v2\/pages\/1012\/revisions"}],"predecessor-version":[{"id":1178,"href":"https:\/\/www.paolorolli.it\/index.php\/wp-json\/wp\/v2\/pages\/1012\/revisions\/1178"}],"wp:attachment":[{"href":"https:\/\/www.paolorolli.it\/index.php\/wp-json\/wp\/v2\/media?parent=1012"}],"curies":[{"name":"wp","href":"https:\/\/api.w.org\/{rel}","templated":true}]}}